{"id":2182,"date":"2022-01-14T09:28:08","date_gmt":"2022-01-14T08:28:08","guid":{"rendered":"https:\/\/www.illiade-formation.fr\/dylan\/?page_id=2182"},"modified":"2022-03-24T14:01:17","modified_gmt":"2022-03-24T13:01:17","slug":"cpf-clea-clea-numerique-2","status":"publish","type":"page","link":"https:\/\/www.illiade-formation.fr\/dylan\/?page_id=2182","title":{"rendered":"CPF &#8211; CL\u00e9A &#8211; Cl\u00e9A Num\u00e9rique"},"content":{"rendered":"<div data-colibri-id=\"2182-c1\" class=\"style-736 style-local-2182-c1 position-relative\">\n  <!---->\n  <div data-colibri-component=\"section\" data-colibri-id=\"2182-c2\" id=\"custom\" class=\"h-section h-section-global-spacing d-flex align-items-lg-center align-items-md-center align-items-center style-737 style-local-2182-c2 position-relative\">\n    <!---->\n    <!---->\n    <div class=\"h-section-grid-container h-section-boxed-container\">\n      <!---->\n      <div data-colibri-id=\"2182-c3\" class=\"h-row-container gutters-row-lg-2 gutters-row-md-2 gutters-row-0 gutters-row-v-lg-2 gutters-row-v-md-2 gutters-row-v-2 style-738 style-local-2182-c3 position-relative\">\n        <!---->\n        <div class=\"h-row justify-content-lg-center justify-content-md-center justify-content-center align-items-lg-stretch align-items-md-stretch align-items-stretch gutters-col-lg-2 gutters-col-md-2 gutters-col-0 gutters-col-v-lg-2 gutters-col-v-md-2 gutters-col-v-2\">\n          <!---->\n          <div class=\"h-column h-column-container d-flex h-col-lg-auto h-col-md-auto h-col-auto style-739-outer style-local-2182-c4-outer\">\n            <div data-colibri-id=\"2182-c4\" class=\"d-flex h-flex-basis h-column__inner h-px-lg-2 h-px-md-2 h-px-2 v-inner-lg-2 v-inner-md-2 v-inner-2 style-739 style-local-2182-c4 position-relative\">\n              <!---->\n              <!---->\n              <div class=\"w-100 h-y-container h-column__content h-column__v-align flex-basis-100 align-self-lg-start align-self-md-start align-self-start\">\n                <!---->\n                <div data-colibri-id=\"2182-c5\" class=\"h-text h-text-component style-740 style-local-2182-c5 position-relative h-element\">\n                  <!---->\n                  <!---->\n                  <div class=\"\">\n                    <p><strong>CPF \u2013 Compte Personnel de Formation :<\/strong><\/p>\n                    <p>Nous pouvons vous renseigner sur l\u2019ouverture et l\u2019utilisation de votre CPF que vous soyez demandeur d\u2019emploi ou salari\u00e9.<\/p>\n                    <p>C\u2019est quoi les droits CPF ? Le compte personnel de formation (CPF) est utilisable par tout salari\u00e9 tout au long de sa vie active (y compris en p\u00e9riode de ch\u00f4mage) pour suivre une formation qualifiante ou certifiante. Le&nbsp;CPF&nbsp;a\n                      remplac\u00e9 le&nbsp;droit&nbsp;individuel \u00e0 la formation (Dif).<\/p>\n                    <p>\n                      <br>\n                    <\/p>\n                  <\/div>\n                <\/div>\n                <div data-colibri-id=\"2182-c6\" class=\"d-block style-746 style-local-2182-c6 position-relative h-element\">\n                  <!---->\n                  <div class=\"h-image__frame-container-outer\">\n                    <a href=\"https:\/\/www.moncompteformation.gouv.fr\/espace-prive\/html\/#\/\" target=\"_blank\" h-use-smooth-scroll=\"true\" class=\"image-link\" rel=\"noopener\">\n                      <div class=\"h-image__frame-container\">\n                        <!---->\n                        <!---->\n                        <img decoding=\"async\" src=\"https:\/\/www.illiade-formation.fr\/dylan\/wp-content\/uploads\/2021\/10\/Logo-Cpf-150x150.png\" class=\"style-746-image style-local-2182-c6-image\">\n                        <div class=\"h-image__frame h-hide-lg h-hide-md h-hide-sm style-746-frameImage style-local-2182-c6-frameImage\"><\/div>\n                      <\/div>\n                    <\/a>\n                  <\/div>\n                <\/div>\n              <\/div>\n            <\/div>\n          <\/div>\n        <\/div>\n      <\/div>\n      <div data-colibri-id=\"2182-c7\" class=\"h-row-container gutters-row-lg-2 gutters-row-md-2 gutters-row-0 gutters-row-v-lg-2 gutters-row-v-md-2 gutters-row-v-2 style-747 style-local-2182-c7 position-relative\">\n        <!---->\n        <div class=\"h-row justify-content-lg-center justify-content-md-center justify-content-center align-items-lg-stretch align-items-md-stretch align-items-stretch gutters-col-lg-2 gutters-col-md-2 gutters-col-0 gutters-col-v-lg-2 gutters-col-v-md-2 gutters-col-v-2\">\n          <!---->\n          <div class=\"h-column h-column-container d-flex h-col-lg-auto h-col-md-auto h-col-auto style-748-outer style-local-2182-c8-outer\">\n            <div data-colibri-id=\"2182-c8\" class=\"d-flex h-flex-basis h-column__inner h-px-lg-2 h-px-md-2 h-px-2 v-inner-lg-2 v-inner-md-2 v-inner-2 style-748 style-local-2182-c8 position-relative\">\n              <!---->\n              <!---->\n              <div class=\"w-100 h-y-container h-column__content h-column__v-align flex-basis-100 align-self-lg-start align-self-md-start align-self-start\">\n                <!---->\n                <div data-colibri-id=\"2182-c9\" class=\"h-text h-text-component style-749 style-local-2182-c9 position-relative h-element\">\n                  <!---->\n                  <!---->\n                  <div class=\"\">\n                    <p><strong>CL\u00c9A et CL\u00e9A Num\u00e9rique :<\/strong><\/p>\n                    <p>ILLIADE FORMATION est habilit\u00e9&nbsp;par FRANCE comp\u00e9tences pour les \u00e9valuations et formations CL\u00c9A (Socle de connaissances et comp\u00e9tences professionnelles) et&nbsp;CL\u00c9A num\u00e9rique.<\/p>\n                    <p>Le certificat professionnel Cl\u00e9A a \u00e9t\u00e9 cr\u00e9\u00e9 pour vous, salari\u00e9 ou demandeur d\u2019emploi. Vous n\u2019avez pas de dipl\u00f4me mais vous avez des connaissances de base ? Vous avez de l\u2019exp\u00e9rience et vous savez travailler ? Vous avez envie d\u2019aller\n                      plus loin ? Le certificat Cl\u00e9A est fait pour vous, c\u2019est une chance \u00e0 saisir !<\/p>\n                    <p>La certification Cl\u00e9A Num\u00e9rique s\u2019adresse \u00e0 toute personne en activit\u00e9 ou en recherche d\u2019emploi souhaitant valoriser aupr\u00e8s des employeurs, sa capacit\u00e9 \u00e0 travailler dans un environnement professionnel impact\u00e9 par les \u00e9volutions li\u00e9es\n                      au num\u00e9rique.<\/p>\n                    <p>\n                      <br>\n                    <\/p>\n                  <\/div>\n                <\/div>\n                <div data-colibri-id=\"2182-c10\" class=\"h-row-container gutters-row-lg-2 gutters-row-md-2 gutters-row-0 gutters-row-v-lg-2 gutters-row-v-md-2 gutters-row-v-2 style-754 style-local-2182-c10 position-relative\">\n                  <!---->\n                  <div class=\"h-row justify-content-lg-center justify-content-md-center justify-content-center align-items-lg-stretch align-items-md-stretch align-items-stretch gutters-col-lg-2 gutters-col-md-2 gutters-col-0 gutters-col-v-lg-2 gutters-col-v-md-2 gutters-col-v-2\">\n                    <!---->\n                    <div class=\"h-column h-column-container d-flex h-col-lg-auto h-col-md-auto h-col-auto style-755-outer style-local-2182-c11-outer\">\n                      <div data-colibri-id=\"2182-c11\" class=\"d-flex h-flex-basis h-column__inner h-px-lg-2 h-px-md-2 h-px-2 v-inner-lg-2 v-inner-md-2 v-inner-2 style-755 style-local-2182-c11 position-relative\">\n                        <!---->\n                        <!---->\n                        <div class=\"w-100 h-y-container h-column__content h-column__v-align flex-basis-100 align-self-lg-start align-self-md-start align-self-start\">\n                          <!---->\n                          <div data-colibri-id=\"2182-c12\" class=\"d-block style-758 style-local-2182-c12 position-relative h-element\">\n                            <!---->\n                            <div class=\"h-image__frame-container-outer\">\n                              <a href=\"https:\/\/www.certificat-clea.fr\/\" target=\"_blank\" h-use-smooth-scroll=\"true\" class=\"image-link\" rel=\"noopener\">\n                                <div class=\"h-image__frame-container\">\n                                  <!---->\n                                  <!---->\n                                  <img decoding=\"async\" src=\"https:\/\/www.illiade-formation.fr\/dylan\/wp-content\/uploads\/2021\/10\/clea-logo-complet-150x150.png\" class=\"style-758-image style-local-2182-c12-image\">\n                                  <div class=\"h-image__frame h-hide-lg h-hide-md h-hide-sm style-758-frameImage style-local-2182-c12-frameImage\"><\/div>\n                                <\/div>\n                              <\/a>\n                            <\/div>\n                          <\/div>\n                        <\/div>\n                      <\/div>\n                    <\/div>\n                    <div class=\"h-column h-column-container d-flex h-col-lg-auto h-col-md-auto h-col-auto style-756-outer style-local-2182-c13-outer\">\n                      <div data-colibri-id=\"2182-c13\" class=\"d-flex h-flex-basis h-column__inner h-px-lg-2 h-px-md-2 h-px-2 v-inner-lg-2 v-inner-md-2 v-inner-2 style-756 style-local-2182-c13 position-relative\">\n                        <!---->\n                        <!---->\n                        <div class=\"w-100 h-y-container h-column__content h-column__v-align flex-basis-100 align-self-lg-start align-self-md-start align-self-start\">\n                          <!---->\n                          <div data-colibri-id=\"2182-c14\" class=\"d-block style-762 style-local-2182-c14 position-relative h-element\">\n                            <!---->\n                            <div class=\"h-image__frame-container-outer\">\n                              <a href=\"https:\/\/www.certificat-clea.fr\/referentiel-clea-numerique\/\" target=\"_blank\" h-use-smooth-scroll=\"true\" class=\"image-link\" rel=\"noopener\">\n                                <div class=\"h-image__frame-container\">\n                                  <!---->\n                                  <!---->\n                                  <img decoding=\"async\" src=\"https:\/\/www.illiade-formation.fr\/dylan\/wp-content\/uploads\/2021\/10\/certificat_clea_numerique-150x150.jpg\" class=\"style-762-image style-local-2182-c14-image\">\n                                  <div class=\"h-image__frame h-hide-lg h-hide-md h-hide-sm style-762-frameImage style-local-2182-c14-frameImage\"><\/div>\n                                <\/div>\n                              <\/a>\n                            <\/div>\n                          <\/div>\n                        <\/div>\n                      <\/div>\n                    <\/div>\n                    <div class=\"h-column h-column-container d-flex h-col-lg-auto h-col-md-auto h-col-auto style-761-outer style-local-2182-c15-outer\">\n                      <div data-colibri-id=\"2182-c15\" class=\"d-flex h-flex-basis h-column__inner h-px-lg-2 h-px-md-2 h-px-2 v-inner-lg-2 v-inner-md-2 v-inner-2 style-761 style-local-2182-c15 position-relative\">\n                        <!---->\n                        <!---->\n                        <div class=\"w-100 h-y-container h-column__content h-column__v-align flex-basis-100 align-self-lg-start align-self-md-start align-self-start\">\n                          <!---->\n                          <div data-colibri-id=\"2182-c16\" class=\"d-block style-764 style-local-2182-c16 position-relative h-element\">\n                            <!---->\n                            <div class=\"h-image__frame-container-outer\">\n                              <a href=\"https:\/\/www.francecompetences.fr\/\" target=\"_blank\" h-use-smooth-scroll=\"true\" class=\"image-link\" rel=\"noopener\">\n                                <div class=\"h-image__frame-container\">\n                                  <!---->\n                                  <!---->\n                                  <img decoding=\"async\" src=\"https:\/\/www.illiade-formation.fr\/dylan\/wp-content\/uploads\/2022\/01\/francecompetences_nor-1-150x150.png\" class=\"style-764-image style-local-2182-c16-image\">\n                                  <div class=\"h-image__frame h-hide-lg h-hide-md h-hide-sm style-764-frameImage style-local-2182-c16-frameImage\"><\/div>\n                                <\/div>\n                              <\/a>\n                            <\/div>\n                          <\/div>\n                        <\/div>\n                      <\/div>\n                    <\/div>\n                  <\/div>\n                <\/div>\n              <\/div>\n            <\/div>\n          <\/div>\n        <\/div>\n      <\/div>\n    <\/div>\n  <\/div>\n<\/div>","protected":false},"excerpt":{"rendered":"<p>CPF \u2013 Compte Personnel de Formation : Nous pouvons vous renseigner sur l\u2019ouverture et l\u2019utilisation de votre CPF que vous soyez demandeur d\u2019emploi ou salari\u00e9. C\u2019est quoi les droits CPF ? Le compte personnel de formation (CPF) est utilisable par tout salari\u00e9 tout au long de sa vie active (y compris en p\u00e9riode de ch\u00f4mage) [&hellip;]<\/p>\n","protected":false},"author":1,"featured_media":0,"parent":0,"menu_order":0,"comment_status":"closed","ping_status":"closed","template":"page-templates\/full-width-page.php","meta":{"footnotes":""},"class_list":["post-2182","page","type-page","status-publish","hentry"],"_links":{"self":[{"href":"https:\/\/www.illiade-formation.fr\/dylan\/index.php?rest_route=\/wp\/v2\/pages\/2182","targetHints":{"allow":["GET"]}}],"collection":[{"href":"https:\/\/www.illiade-formation.fr\/dylan\/index.php?rest_route=\/wp\/v2\/pages"}],"about":[{"href":"https:\/\/www.illiade-formation.fr\/dylan\/index.php?rest_route=\/wp\/v2\/types\/page"}],"author":[{"embeddable":true,"href":"https:\/\/www.illiade-formation.fr\/dylan\/index.php?rest_route=\/wp\/v2\/users\/1"}],"replies":[{"embeddable":true,"href":"https:\/\/www.illiade-formation.fr\/dylan\/index.php?rest_route=%2Fwp%2Fv2%2Fcomments&post=2182"}],"version-history":[{"count":17,"href":"https:\/\/www.illiade-formation.fr\/dylan\/index.php?rest_route=\/wp\/v2\/pages\/2182\/revisions"}],"predecessor-version":[{"id":3361,"href":"https:\/\/www.illiade-formation.fr\/dylan\/index.php?rest_route=\/wp\/v2\/pages\/2182\/revisions\/3361"}],"wp:attachment":[{"href":"https:\/\/www.illiade-formation.fr\/dylan\/index.php?rest_route=%2Fwp%2Fv2%2Fmedia&parent=2182"}],"curies":[{"name":"wp","href":"https:\/\/api.w.org\/{rel}","templated":true}]}}