{"id":3246,"date":"2022-03-21T11:29:37","date_gmt":"2022-03-21T10:29:37","guid":{"rendered":"https:\/\/www.illiade-formation.fr\/dylan\/?page_id=3246"},"modified":"2022-04-07T09:25:30","modified_gmt":"2022-04-07T07:25:30","slug":"questionnaires-de-satisfaction","status":"publish","type":"page","link":"https:\/\/www.illiade-formation.fr\/dylan\/?page_id=3246","title":{"rendered":"Questionnaire de Satisfaction"},"content":{"rendered":"\n<h2 class=\"has-text-align-center wp-block-heading\"><strong><sub>Vous \u00eates stagiaire et en fin de formation ?<\/sub><\/strong><\/h2>\n\n\n\n<h4 class=\"has-text-align-center has-colibri-color-6-color has-text-color wp-block-heading\"><sub style=\"\"><b><br>Votre avis nous int\u00e9resse !<\/b><\/sub><\/h4>\n\n\n\n<p class=\"has-text-align-center has-colibri-color-6-color has-text-color has-medium-font-size\"><sub style=\"\"><b><sub><strong>Retrouvez le questionnaire de <\/strong><\/sub><strong><sub>satisfaction stagiaire en cliquant sur le bouton suivant :<\/sub><\/strong><\/b><\/sub><\/p>\n\n\n\n<div class=\"wp-block-buttons is-layout-flex wp-block-buttons-is-layout-flex\">\n<div class=\"wp-block-button aligncenter\"><a class=\"wp-block-button__link has-background\" href=\"https:\/\/forms.gle\/ZJQ3YM2uQ4BGdbtR8\" style=\"border-radius:0px;background-color:#8ac052\" target=\"_blank\" rel=\"noreferrer noopener\">Formulaire Stagiaire <\/a><\/div>\n<\/div>\n\n\n\n<div style=\"height:10px\" aria-hidden=\"true\" class=\"wp-block-spacer\"><\/div>\n\n\n\n<h2 class=\"has-text-align-center wp-block-heading\"><strong><sub>Vous \u00eates formateur ?<\/sub><\/strong><\/h2>\n\n\n\n<h4 class=\"has-text-align-center has-colibri-color-6-color has-text-color wp-block-heading\"><sub style=\"\"><b><br>Votre avis nous int\u00e9resse !<\/b><\/sub><\/h4>\n\n\n\n<p class=\"has-text-align-center has-colibri-color-6-color has-text-color has-medium-font-size\"><sub style=\"\"><b><sub><strong>Retrouvez le questionnaire d<\/strong><\/sub><strong><sub>e bilan de formation &#8211; Formateur<\/sub><\/strong><strong><sub> <\/sub><\/strong><strong><sub>en cliquant sur le bouton suivant :<\/sub><\/strong><\/b><\/sub><\/p>\n\n\n\n<div class=\"wp-block-buttons is-layout-flex wp-block-buttons-is-layout-flex\">\n<div class=\"wp-block-button aligncenter\"><a class=\"wp-block-button__link has-background\" href=\"https:\/\/forms.gle\/fnN824QfahuKydUL9\" style=\"border-radius:0px;background-color:#8ac052\" target=\"_blank\" rel=\"noreferrer noopener\">Formulaire Formateur<\/a><\/div>\n<\/div>\n\n\n\n<h2 class=\"has-text-align-center wp-block-heading\"><strong><sub><br>Vous \u00eates un client ILLIADE FORMATION, un financeur ?<\/sub><\/strong><\/h2>\n\n\n\n<p class=\"has-text-align-center has-colibri-color-6-color has-text-color\"><strong><sub>Votre avis nous int\u00e9resse !<\/sub><\/strong><\/p>\n\n\n\n<p class=\"has-text-align-center has-colibri-color-6-color has-text-color\"><strong><sub><br>Retrouvez le questionnaire en cliquant sur le bouton suivant :  Questionnaire de Satisfaction &#8211; Clients Financeurs<\/sub><\/strong><\/p>\n\n\n\n<div class=\"wp-block-buttons is-layout-flex wp-block-buttons-is-layout-flex\">\n<div class=\"wp-block-button aligncenter\"><a class=\"wp-block-button__link has-background\" href=\"https:\/\/forms.gle\/9ennLzmeRpqCh3mW9\" style=\"border-radius:0px;background-color:#8ac052\" target=\"_blank\" rel=\"noreferrer noopener\">Formulaire clients \/ financeurs<\/a><\/div>\n<\/div>\n\n\n\n<h2 class=\"has-text-align-center wp-block-heading\"><strong><sub>Vous \u00eates Prescripteur ?<\/sub><\/strong><\/h2>\n\n\n\n<p class=\"has-text-align-center has-colibri-color-6-color has-text-color\"><strong><sub>Votre avis nous int\u00e9resse !<\/sub><\/strong><\/p>\n\n\n\n<p class=\"has-text-align-center has-colibri-color-6-color has-text-color\"><sub><br><strong>Retrouvez le questionnaire en cliquant sur le bouton suivant : Questionnaire de Satisfaction &#8211; Prescripteur<\/strong><\/sub><\/p>\n\n\n\n<div class=\"wp-block-buttons is-layout-flex wp-block-buttons-is-layout-flex\">\n<div class=\"wp-block-button aligncenter\"><a class=\"wp-block-button__link has-background\" href=\"https:\/\/forms.gle\/V5fokCEqPB6yp58v8\" style=\"border-radius:0px;background-color:#8ac052\" target=\"_blank\" rel=\"noreferrer noopener\">Formulaire prescripteur<\/a><\/div>\n<\/div>\n","protected":false},"excerpt":{"rendered":"<p>Vous \u00eates stagiaire et en fin de formation ? Votre avis nous int\u00e9resse ! Retrouvez le questionnaire de satisfaction stagiaire en cliquant sur le bouton suivant : Vous \u00eates formateur ? Votre avis nous int\u00e9resse ! Retrouvez le questionnaire de bilan de formation &#8211; Formateur en cliquant sur le bouton suivant : Vous \u00eates un [&hellip;]<\/p>\n","protected":false},"author":1,"featured_media":0,"parent":0,"menu_order":0,"comment_status":"closed","ping_status":"closed","template":"","meta":{"footnotes":""},"class_list":["post-3246","page","type-page","status-publish","hentry"],"_links":{"self":[{"href":"https:\/\/www.illiade-formation.fr\/dylan\/index.php?rest_route=\/wp\/v2\/pages\/3246","targetHints":{"allow":["GET"]}}],"collection":[{"href":"https:\/\/www.illiade-formation.fr\/dylan\/index.php?rest_route=\/wp\/v2\/pages"}],"about":[{"href":"https:\/\/www.illiade-formation.fr\/dylan\/index.php?rest_route=\/wp\/v2\/types\/page"}],"author":[{"embeddable":true,"href":"https:\/\/www.illiade-formation.fr\/dylan\/index.php?rest_route=\/wp\/v2\/users\/1"}],"replies":[{"embeddable":true,"href":"https:\/\/www.illiade-formation.fr\/dylan\/index.php?rest_route=%2Fwp%2Fv2%2Fcomments&post=3246"}],"version-history":[{"count":29,"href":"https:\/\/www.illiade-formation.fr\/dylan\/index.php?rest_route=\/wp\/v2\/pages\/3246\/revisions"}],"predecessor-version":[{"id":3391,"href":"https:\/\/www.illiade-formation.fr\/dylan\/index.php?rest_route=\/wp\/v2\/pages\/3246\/revisions\/3391"}],"wp:attachment":[{"href":"https:\/\/www.illiade-formation.fr\/dylan\/index.php?rest_route=%2Fwp%2Fv2%2Fmedia&parent=3246"}],"curies":[{"name":"wp","href":"https:\/\/api.w.org\/{rel}","templated":true}]}}